3
Let i = -7 - -19. Let l = -155 + 263. Calculate the greatest common divisor of i and l.
12
Suppose -5*s = s - 6. Let v be 22*1*s/2. Suppose -2*y = -2*z - 3 - 37, -4*y - 3*z + 94 = 0. Calculate the greatest common factor of y and v.
11
Suppose -4*k + 5*k - 12 = 0. Let l = -329 - -461. What is the highest common divisor of l and k?
12
Let q = 26 - 17. Let f(m) = -m - 1. Let z be f(-4). Suppose z*x - x - 18 = 0. What is the highest common divisor of q and x?
9
Suppose -4*m + 2 = 54. Let d = -8 - m. Suppose -d*z = 3*v - 280, -230 = -3*v - 2*z + 7*z. Calculate the greatest common divisor of 34 and v.
17
Let o(q) = -q**3 + 3*q**2 - 1. Let u be o(1). Let f(n) = 17*n - 1. Let w be f(u). Suppose 6*r = -6 + 18. Calculate the greatest common factor of r and w.
2
Let w(i) = i**3 + 7*i**2 + 5*i - 2. Let r = 2 - 8. Let p be w(r). Calculate the greatest common divisor of p and 24.
4
Let f = -212 - -300. Let d = -3 - -5. Suppose 0 = -d*a - 4*g + 6, 4*a - 14 = 2*a - 2*g. Calculate the greatest common factor of f and a.
11
Suppose 1 = 2*i - i. Let t be (-56)/6*(-2 - i). Let a(y) = -42*y. Let w be a(-1). What is the greatest common factor of t and w?
14
Let c = -27 - -73. Suppose -z + c = -2*z + 3*y, -5*z = y + 262. Let r be (z/(-8))/(1/2). What is the highest common divisor of 143 and r?
13
Let y be (-370)/130 + 4/(-26). Let r be 1 + y + (-2 - -13). Calculate the highest common factor of 36 and r.
9
Let d(b) = 2*b**2 + 17*b. Let h be d(-12). Suppose -3*o + h = -0*o. Calculate the highest common divisor of o and 4.
4
Let f(p) = p**3 + 10*p**2 - p - 5. Let o be f(-10). Suppose 0 = 4*n - y - 178, -o*n + 226 = -0*n - 3*y. What is the highest common factor of n and 4?
4
Let r be ((0 - 0) + 21)/((-153)/(-102)). Suppose 3*b + 1 = 7. Let i be -28*(3/2 - b). What is the highest common divisor of i and r?
14
Suppose i - 2*r - 62 = 0, 0 = 3*r + 2*r + 5. Suppose b - z = 0, 3*b - 15 = 2*b - 4*z. Suppose -12 = n - b*n. Calculate the greatest common divisor of n and i.
6
Let d(y) = y**3 - y**2 - y. Let o be d(2). Let p be 3/(-6)*-1*o. Let h be 4*11 - (p + -2). What is the highest common divisor of h and 18?
9
Suppose 0*o + 48 = p + o, 5*p + 3*o - 240 = 0. Suppose p = 3*l - l. Suppose l = 2*a + a. What is the highest common divisor of a and 4?
4
Suppose 6*m + 9*m - 150 = 0. Calculate the greatest common factor of m and 160.
10
Let a(u) = 4*u - 1. Let v be a(-5). Let f be (-952)/v - 2/6. Calculate the highest common divisor of f and 9.
9
Let t(y) = -4*y - 6. Let v be t(-7). Let w be -44*(-1 - (-14)/4). Let z be (w/4)/((-1)/2). Calculate the greatest common divisor of z and v.
11
Suppose 5*i - 100 = a, -3*i - 3*a = -4*a - 62. Let n be (1/2)/((-8)/(-2432)). What is the highest common divisor of i and n?
19
Let u be 0 + (26 - (-4 - -2)). Suppose -u = -j - j. Let v be -1 - (-88)/12*3. What is the highest common factor of v and j?
7
Let t = -4 - -12. Suppose 0 = -4*z + t, 5*k - z - 103 = -0*k. What is the highest common factor of k and 105?
21
Let i be ((-10)/(-4))/((-11)/(-66)). What is the highest common factor of 120 and i?
15
Suppose -m = -0 - 2. Suppose -61 - m = -3*r. Calculate the highest common divisor of r and 42.
21
Let d = -2 + 9. Calculate the highest common divisor of 21 and d.
7
Let i(p) = p**2 + 5*p. Suppose -6*d = -2*d + 24. Let k be i(d). What is the greatest common divisor of k and 24?
6
Let s = 269 - 155. Calculate the highest common factor of s and 76.
38
Let a = -7 - -5. Let j(o) be the first derivative of -5*o**2/2 + o + 3. Let c be j(a). What is the highest common factor of 55 and c?
11
Suppose 4*j - 32 = -4*v, j - 2*j = 2*v - 6. Calculate the highest common factor of 40 and j.
10
Let k(x) = 9*x + 2. Let f be k(-2). Let m = f - -42. Let p = m - 15. What is the greatest common divisor of 1 and p?
1
Let b = 1 - -3. Suppose b*y + 16 = 0, -2*a - 5*y = -0*a + 10. Suppose a*r - 3*u = 2*u + 195, -15 = 5*u. What is the greatest common divisor of 18 and r?
18
Let d be 95/(-20)*(-1 - -5). Let w be d*(1 + -2) + -2. What is the greatest common factor of w and 153?
17
Let w(j) = -3 + j + 3*j + 2*j + 2*j**2. Let o be w(-5). Calculate the greatest common divisor of 170 and o.
17
Let p = 4 - 4. Suppose 2*b - 5*d - 49 = p, -12 = -b + 4*d + 8. What is the greatest common factor of 8 and b?
8
Let i(t) = -t**2 - 14*t - 13. Let f(u) = -u**2 - 5*u + 3. Let r be f(-7). Let c be i(r). What is the greatest common divisor of c and 5?
5
Let l = 5 - 3. Suppose -2*o = 4*j - 16, -3*j + 0*o = 3*o - 15. Suppose 28 = 3*k + 4*z, -j*z + 8*z = -3*k + 23. Calculate the greatest common factor of k and l.
2
Let h(q) = -q**3 - 3*q**2 + 4. Let v be h(-4). Calculate the highest common divisor of 5 and v.
5
Let p be 3*(-2)/(-3) - -2. Let w(l) = -2*l**2 + 18 + 2*l - 7*l**3 - 17 + 2*l**2. Let c be w(-1). Calculate the highest common factor of c and p.
2
Suppose 2*c - 2*j = 34, 0 = -3*c - j + 57 + 14. Let q be (-2)/(3*(-2)/66). What is the greatest common divisor of q and c?
22
Let q(p) = -p. Let b be q(0). Suppose -2*o - 6 = 5*c - c, o + c = b. Calculate the greatest common divisor of o and 21.
3
Let s = -182 + 85. Let z = s + 162. What is the greatest common divisor of 13 and z?
13
Suppose 2*m = -6, -m + 4*m + 61 = 4*f. Calculate the greatest common factor of 13 and f.
13
Suppose -3*j + 42 = 3*o, 2*j - 16 = 3*o + o. Suppose 4*u = -4*d + 56, -106 = -5*u + 2*d - 15. Let y = u + 67. Calculate the greatest common factor of j and y.
12
Suppose 4*s - 15 = -s. Let j be (6/(-4))/(s/(-8)). Let r = j - 2. Calculate the highest common divisor of 16 and r.
2
Let r(v) be the first derivative of -v**3/3 + v**2/2 + 18*v + 3. Let c be r(0). What is the highest common divisor of c and 144?
18
Suppose -4*u + 0 = 4, 2*u = 5*i - 42. Suppose 4 = -k + 5*m, -2*k = -m - 10 - 18. Calculate the greatest common factor of k and i.
8
Let z = 9 - 27. Let r be (-14)/(-63) - (-112)/z. Let g be (r/(-9))/(2/66). Calculate the greatest common factor of g and 2.
2
Let b = 81 + -24. Suppose 2*o - 183 - b = 0. What is the greatest common factor of 15 and o?
15
Let i = -5 - -2. Let x(j) = -2*j - 1. Let f(d) = d. Let g(n) = -6*f(n) - x(n). Let r be g(i). Calculate the highest common factor of r and 39.
13
Let c = 8 + -4. Suppose -k = 4*k. Suppose 0 = -4*u - k*u - c*d + 32, 0 = -5*u + d + 28. What is the greatest common divisor of 3 and u?
3
Let s = -37 - -83. Let i = s - 25. Calculate the greatest common factor of 42 and i.
21
Suppose -132 = -3*j + j. Let h be (2/(-3))/(2/(-33)). Suppose -4*d + 0 = x - 2, 2*x + d - h = 0. What is the greatest common factor of j and x?
6
Let p(n) = -2*n**3 - 13*n**2 - 8*n - 7. Let o be p(-6). Suppose 0 = 3*s - 5*i + 4*i - 122, s - 46 = 3*i. Calculate the greatest common divisor of s and o.
5
Let d = 49 + -13. Let x be 2/9 - (-280)/d. Calculate the greatest common divisor of x and 24.
8
Let q be 12/3 + (3 - -39). Calculate the greatest common divisor of q and 2.
2
Suppose 79 = 5*d - g, -2*d + 2*g = -d - 23. Let w(q) = d - q + q - 2*q + q. Let o be w(0). What is the highest common divisor of o and 120?
15
Let l be 846/78 - (-6)/39. Let b(j) = 4*j**2 - 6*j + 7. Let f be b(5). Calculate the highest common divisor of l and f.
11
Let n = 125 + -70. What is the greatest common divisor of 11 and n?
11
Suppose 34 + 5 = 3*z. Let u(x) = x**3 - 14*x**2 + 13*x + 12. Let n be u(z). Calculate the greatest common factor of 8 and n.
4
Let n = 46 + 9. Let m be 560/25 + (-3)/(-5). Suppose 0 = a - d - m, -114 = -5*a - d + 5*d. Calculate the greatest common factor of a and n.
11
Let g(j) = -j. Let b be g(-2). What is the highest common divisor of 10 and b?
2
Let q be 1*(-1 + (-2)/(-1)). Let s(r) = 3*r - q + r - r**2 + 3. Let i be s(4). What is the greatest common divisor of 2 and i?
2
Suppose 0 = -3*o + 2*o + 662. Suppose -o = -5*k - 162. What is the greatest common factor of k and 10?
10
Let u(s) = -s**2 + 4*s + 108. Let m be u(0). Calculate the greatest common divisor of m and 27.
27
Let r be ((-27)/6)/((-1)/2). Suppose 5*x + 15 = 0, d + 3*d + x - 69 = 0. Calculate the greatest common divisor of r and d.
9
Let h = -35 + 38. Let w(c) = -8*c**3 + 2*c**2 + c. Let v be w(-1). What is the highest common divisor of v and h?
3
Let f be 2*13 + 0 + -1. Suppose 2*q - 45 = f. Suppose q + 1 = 2*m. What is the highest common factor of